47
Calculate the remainder when 202579 is divided by 46.
41
What is the remainder when 17901 is divided by 12?
9
What is the remainder when 332 is divided by 251?
81
Calculate the remainder when 17740 is divided by 444.
424
Calculate the remainder when 15450 is divided by 962.
58
Calculate the remainder when 23224 is divided by 264.
256
What is the remainder when 20602 is divided by 51?
49
Calculate the remainder when 5208 is divided by 11.
5
Calculate the remainder when 302 is divided by 119.
64
Calculate the remainder when 319423 is divided by 368.
367
What is the remainder when 10992991 is divided by 61?
59
What is the remainder when 15544 is divided by 7?
4
Calculate the remainder when 3078 is divided by 59.
10
What is the remainder when 8314 is divided by 6?
4
What is the remainder when 15926 is divided by 455?
1
Calculate the remainder when 55696 is divided by 2222.
146
Calculate the remainder when 5017000 is divided by 142.
140
What is the remainder when 220184 is divided by 789?
53
Calculate the remainder when 13618 is divided by 282.
82
What is the remainder when 8207 is divided by 7?
3
Calculate the remainder when 11467 is divided by 459.
451
Calculate the remainder when 16125 is divided by 8061.
3
What is the remainder when 4617 is divided by 21?
18
Calculate the remainder when 34271 is divided by 99.
17
What is the remainder when 1766 is divided by 11?
6
Calculate the remainder when 5051 is divided by 4581.
470
Calculate the remainder when 6446 is divided by 159.
86
Calculate the remainder when 45564 is divided by 147.
141
What is the remainder when 1580 is divided by 384?
44
Calculate the remainder when 6773 is divided by 222.
113
What is the remainder when 18371 is divided by 1148?
3
What is the remainder when 176323 is divided by 65?
43
Calculate the remainder when 3382 is divided by 1584.
214
What is the remainder when 27310 is divided by 4?
2
Calculate the remainder when 78639 is divided by 3419.
2
Calculate the remainder when 291186 is divided by 132.
126
What is the remainder when 88649 is divided by 150?
149
What is the remainder when 12719 is divided by 165?
14
What is the remainder when 21974 is divided by 5469?
98
What is the remainder when 37099 is divided by 1482?
49
What is the remainder when 14339 is divided by 59?
2
Calculate the remainder when 6241 is divided by 6234.
7
Calculate the remainder when 59571 is divided by 539.
281
Calculate the remainder when 51164 is divided by 5684.
8
What is the remainder when 109149 is divided by 21829?
4
Calculate the remainder when 4192177 is divided by 179.
176
What is the remainder when 357412 is divided by 46?
38
Calculate the remainder when 4041 is divided by 766.
211
What is the remainder when 65605 is divided by 248?
133
What is the remainder when 3540547 is divided by 50?
47
What is the remainder when 533 is divided by 487?
46
Calculate the remainder when 98360 is divided by 24582.
32
Calculate the remainder when 13331 is divided by 66.
65
Calculate the remainder when 2367 is divided by 115.
67
Calculate the remainder when 10932 is divided by 2521.
848
What is the remainder when 4595 is divided by 36?
23
What is the remainder when 24215 is divided by 246?
107
What is the remainder when 5607 is divided by 987?
672
What is the remainder when 328619 is divided by 12639?
5
What is the remainder when 65633 is divided by 374?
183
What is the remainder when 1617694 is divided by 350?
344
Calculate the remainder when 2936 is divided by 28.
24
What is the remainder when 27740 is divided by 289?
285
What is the remainder when 277332 is divided by 70?
62
What is the remainder when 48816 is divided by 48797?
19
What is the remainder when 880902 is divided by 442?
438
What is the remainder when 943760 is divided by 76?
68
What is the remainder when 35227 is divided by 903?
10
What is the remainder when 275847 is divided by 75?
72
Calculate the remainder when 18279 is divided by 203.
9
Calculate the remainder when 254 is divided by 10.
4
What is the remainder when 2400 is divided by 800?
0
Calculate the remainder when 5306 is divided by 947.
571
What is the remainder when 15259 is divided by 1087?
41
Calculate the remainder when 353965 is divided by 20821.
8
Calculate the remainder when 4492 is divided by 7.
5
Calculate the remainder when 35657 is divided by 5937.
35
What is the remainder when 82687 is divided by 271?
32
What is the remainder when 402 is divided by 122?
36
Calculate the remainder when 5723 is divided by 287.
270
What is the remainder when 2274 is divided by 718?
120
Calculate the remainder when 22093 is divided by 7306.
175
Calculate the remainder when 355 is divided by 172.
11
Calculate the remainder when 16921 is divided by 48.
25
What is the remainder when 1917 is divided by 380?
17
What is the remainder when 274733 is divided by 154?
151
What is the remainder when 245249 is divided by 18?
17
Calculate the remainder when 4424 is divided by 538.
120
What is the remainder when 227395 is divided by 357?
343
Calculate the remainder when 3250 is divided by 8.
2
Calculate the remainder when 99077 is divided by 698.
659
What is the remainder when 96349 is divided by 1319?
62
What is the remainder when 13709 is divided by 2731?
54
What is the remainder when 123292 is divided by 186?
160
What is the remainder when 95619 is divided by 85?
79
What is the remainder when 5288 is divided by 28?
24
Calculate the remainder when 3207 is divided by 3101.
106
What is the remainder when 8931 is divided by 2931?
138
What is the remainder when 7610 is divided by 1089?
1076
Calculate the remainder when 35849 is divided by 83.
76
Calculate the remainder when 1388 is divided by 57.
20
Calculate the remainder when 11669 is divided by 26.
21
What is the remainder when 14772 is divided by 64?
52
Calculate the remainder when 4866 is divided by 867.
531
Calculate the remainder when 339106 is divided by 113024.
34
What is the remainder when 45325 is divided by 15106?
7
Calculate the remainder when 31962 is divided by 131.
129
What is the remainder when 5949 is divided by 136?
101
What is the remainder when 65515 is divided by 105?
100
What is the remainder when 91401 is divided by 12?
9
What is the remainder when 225224 is divided by 975?
974
What is the remainder when 20915 is divided by 396?
323
What is the remainder when 1204 is divided by 356?
136
What is the remainder when 1623227 is divided by 204?
203
What is the remainder when 1514839 is divided by 55?
29
What is the remainder when 52660 is divided by 17542?
34
Calculate the remainder when 8248 is divided by 127.
120
Calculate the remainder when 5363 is divided by 2654.
55
Calculate the remainder when 5149 is divided by 874.
779
Calculate the remainder when 6393 is divided by 300.
93
Calculate the remainder when 562910 is divided by 13.
10
Calculate the remainder when 57592 is divided by 34.
30
Calculate the remainder when 11142 is divided by 444.
42
What is the remainder when 5820 is divided by 92?
24
Calculate the remainder when 880384 is divided by 13.
11
Calculate the remainder when 14410 is divided by 93.
88
Calculate the remainder when 41369 is divided by 366.
11
Calculate the remainder when 1261116 is divided by 32.
28
What is the remainder when 65403 is divided by 166?
165
Calculate the remainder when 18441 is divided by 16.
9
What is the remainder when 20901 is divided by 2981?
34
What is the remainder when 14904 is divided by 257?
255
What is the remainder when 164 is divided by 162?
2
Calculate the remainder when 41641 is divided by 382.
3
Calculate the remainder when 428282 is divided by 71377.
20
Calculate the remainder when 34262 is divided by 1732.
1354
What is the remainder when 34306 is divided by 146?
142
What is the remainder when 28721 is divided by 167?
164
Calculate the remainder when 21601 is divided by 57.
55
Calculate the remainder when 14474 is divided by 576.
74
Calculate the remainder when 1777818 is divided by 34.
26
What is the remainder when 32889 is divided by 529?
91
Calculate the remainder when 9694 is divided by 605.
14
What is the remainder when 702 is divided by 254?
194
What is the remainder when 4648 is divided by 51?
7
Calculate the remainder when 14635 is divided by 51.
49
Calculate the remaind